{"id":9,"date":"2017-02-23T15:50:35","date_gmt":"2017-02-23T14:50:35","guid":{"rendered":"http:\/\/www.netintegral.be\/?page_id=9"},"modified":"2020-10-24T16:39:45","modified_gmt":"2020-10-24T14:39:45","slug":"contact","status":"publish","type":"page","link":"https:\/\/www.interwebe.be\/?page_id=9","title":{"rendered":"Contact"},"content":{"rendered":"<p><strong><b>Vous avez la possibilit\u00e9 de \u00a0nous contacter du lundi au samedi de 9h00 \u00e0 18h00.<\/b><\/strong><\/p>\n<p>Les interventions (d\u00e9pannages ou autres) se font sur rendez-vous.<\/p>\n<p>Interventions\u00a0\u00e0 domicile\u00a0apr\u00e8s 18h00 sur rendez-vous uniquement !<\/p>\n<p>Possibilit\u00e9 d&rsquo;obtenir une intervention le dimanche !<\/p>\n<p><b>T\u00e9l\u00e9phone :+32(0)65.98.15.63<\/b><\/p>\n<p><strong>INTERWEBE Computer<\/strong><br \/>\n<strong> Rue du Grenadier 38<\/strong><br \/>\n<strong> 7080 Eugies (Frameries)<\/strong><br \/>\n<strong> Belgique<\/strong><\/p>\n<p><strong><br \/>\nFormulaire de contact :<br \/>\n<\/strong><div role=\"form\" class=\"wpcf7\" id=\"wpcf7-f176-o1\" lang=\"fr-FR\" dir=\"ltr\">\n<div class=\"screen-reader-response\"><p role=\"status\" aria-live=\"polite\" aria-atomic=\"true\"><\/p> <ul><\/ul><\/div>\n<form action=\"\/index.php?rest_route=%2Fwp%2Fv2%2Fpages%2F9#wpcf7-f176-o1\" method=\"post\" class=\"wpcf7-form init\" novalidate=\"novalidate\" data-status=\"init\">\n<div style=\"display: none;\">\n<input type=\"hidden\" name=\"_wpcf7\" value=\"176\" \/>\n<input type=\"hidden\" name=\"_wpcf7_version\" value=\"5.5.6.1\" \/>\n<input type=\"hidden\" name=\"_wpcf7_locale\" value=\"fr_FR\" \/>\n<input type=\"hidden\" name=\"_wpcf7_unit_tag\" value=\"wpcf7-f176-o1\" \/>\n<input type=\"hidden\" name=\"_wpcf7_container_post\" value=\"0\" \/>\n<input type=\"hidden\" name=\"_wpcf7_posted_data_hash\" value=\"\" \/>\n<input type=\"hidden\" name=\"_wpcf7_recaptcha_response\" value=\"\" \/>\n<\/div>\n<p><label> Votre nom (obligatoire)<br \/>\n    <span class=\"wpcf7-form-control-wrap your-name\"><input type=\"text\" name=\"your-name\" value=\"\" size=\"40\" class=\"wpcf7-form-control wpcf7-text wpcf7-validates-as-required\" aria-required=\"true\" aria-invalid=\"false\" \/><\/span> <\/label><\/p>\n<p><label> Votre adresse de messagerie<br \/>\n    <span class=\"wpcf7-form-control-wrap your-email\"><input type=\"email\" name=\"your-email\" value=\"\" size=\"40\" class=\"wpcf7-form-control wpcf7-text wpcf7-email wpcf7-validates-as-required wpcf7-validates-as-email\" aria-required=\"true\" aria-invalid=\"false\" \/><\/span> <\/label><\/p>\n<p><label> Objet (obligatoire)<br \/>\n    <span class=\"wpcf7-form-control-wrap your-subject\"><input type=\"text\" name=\"your-subject\" value=\"\" size=\"40\" class=\"wpcf7-form-control wpcf7-text wpcf7-validates-as-required\" aria-required=\"true\" aria-invalid=\"false\" \/><\/span> <\/label><\/p>\n<p><label> Votre message (obligatoire)<br \/>\n    <span class=\"wpcf7-form-control-wrap your-message\"><textarea name=\"your-message\" cols=\"40\" rows=\"10\" class=\"wpcf7-form-control wpcf7-textarea wpcf7-validates-as-required\" aria-required=\"true\" aria-invalid=\"false\"><\/textarea><\/span> <\/label><\/p>\n\n<p><input type=\"submit\" value=\"Envoyer\" class=\"wpcf7-form-control has-spinner wpcf7-submit\" \/><\/p>\n<div class=\"wpcf7-response-output\" aria-hidden=\"true\"><\/div><\/form><\/div><\/p>\n<p><center><span style=\"font-size: 300%;\">+32(0)65.98.15.63<\/span><\/center><\/p>\n","protected":false},"excerpt":{"rendered":"<p>Vous avez la possibilit\u00e9 de \u00a0nous contacter du lundi au samedi de 9h00 \u00e0 18h00. Les interventions (d\u00e9pannages ou autres) se font sur rendez-vous. Interventions\u00a0\u00e0 domicile\u00a0apr\u00e8s 18h00 sur rendez-vous uniquement ! Possibilit\u00e9 d&rsquo;obtenir une intervention le dimanche ! T\u00e9l\u00e9phone :+32(0)65.98.15.63 INTERWEBE Computer Rue du Grenadier 38 7080 Eugies (Frameries) Belgique Formulaire de contact : +32(0)65.98.15.63<\/p>\n","protected":false},"author":1,"featured_media":151,"parent":0,"menu_order":0,"comment_status":"closed","ping_status":"closed","template":"","meta":[],"_links":{"self":[{"href":"https:\/\/www.interwebe.be\/index.php?rest_route=\/wp\/v2\/pages\/9"}],"collection":[{"href":"https:\/\/www.interwebe.be\/index.php?rest_route=\/wp\/v2\/pages"}],"about":[{"href":"https:\/\/www.interwebe.be\/index.php?rest_route=\/wp\/v2\/types\/page"}],"author":[{"embeddable":true,"href":"https:\/\/www.interwebe.be\/index.php?rest_route=\/wp\/v2\/users\/1"}],"replies":[{"embeddable":true,"href":"https:\/\/www.interwebe.be\/index.php?rest_route=%2Fwp%2Fv2%2Fcomments&post=9"}],"version-history":[{"count":31,"href":"https:\/\/www.interwebe.be\/index.php?rest_route=\/wp\/v2\/pages\/9\/revisions"}],"predecessor-version":[{"id":246,"href":"https:\/\/www.interwebe.be\/index.php?rest_route=\/wp\/v2\/pages\/9\/revisions\/246"}],"wp:featuredmedia":[{"embeddable":true,"href":"https:\/\/www.interwebe.be\/index.php?rest_route=\/wp\/v2\/media\/151"}],"wp:attachment":[{"href":"https:\/\/www.interwebe.be\/index.php?rest_route=%2Fwp%2Fv2%2Fmedia&parent=9"}],"curies":[{"name":"wp","href":"https:\/\/api.w.org\/{rel}","templated":true}]}}